{"id":1478,"date":"2025-09-02T19:33:17","date_gmt":"2025-09-02T17:33:17","guid":{"rendered":"https:\/\/wattyland.fr\/index.php\/panier\/"},"modified":"2026-01-23T14:53:29","modified_gmt":"2026-01-23T13:53:29","slug":"panier","status":"publish","type":"page","link":"https:\/\/wattyland.fr\/index.php\/panier\/","title":{"rendered":"Panier"},"content":{"rendered":"\n<div data-block-name=\"woocommerce\/cart\" class=\"wp-block-woocommerce-cart alignwide is-loading\">\n<div data-block-name=\"woocommerce\/filled-cart-block\" class=\"wp-block-woocommerce-filled-cart-block\">\n<div data-block-name=\"woocommerce\/cart-items-block\" class=\"wp-block-woocommerce-cart-items-block\">\n<div data-block-name=\"woocommerce\/cart-line-items-block\" class=\"wp-block-woocommerce-cart-line-items-block\"><\/div>\n\n\n\n<div data-block-name=\"woocommerce\/cart-cross-sells-block\" class=\"wp-block-woocommerce-cart-cross-sells-block\">\n<h2 class=\"wp-block-heading has-large-font-size\">\u00c7a peut vous int\u00e9resser&#8230;<\/h2>\n\n\n\n<div data-block-name=\"woocommerce\/cart-cross-sells-products-block\" class=\"wp-block-woocommerce-cart-cross-sells-products-block\"><\/div>\n<\/div>\n<\/div>\n\n\n\n<div data-block-name=\"woocommerce\/cart-totals-block\" class=\"wp-block-woocommerce-cart-totals-block\">\n<div data-block-name=\"woocommerce\/cart-order-summary-block\" class=\"wp-block-woocommerce-cart-order-summary-block\">\n<div data-block-name=\"woocommerce\/cart-order-summary-heading-block\" class=\"wp-block-woocommerce-cart-order-summary-heading-block\"><\/div><div data-block-name=\"woocommerce\/cart-order-summary-coupon-form-block\" class=\"wp-block-woocommerce-cart-order-summary-coupon-form-block\"><\/div><div data-block-name=\"woocommerce\/cart-order-summary-totals-block\" class=\"wp-block-woocommerce-cart-order-summary-totals-block\">\n<div data-block-name=\"woocommerce\/cart-order-summary-subtotal-block\" class=\"wp-block-woocommerce-cart-order-summary-subtotal-block\"><\/div>\n<div data-block-name=\"woocommerce\/cart-order-summary-discount-block\" class=\"wp-block-woocommerce-cart-order-summary-discount-block\"><\/div>\n<div data-block-name=\"woocommerce\/cart-order-summary-fee-block\" class=\"wp-block-woocommerce-cart-order-summary-fee-block\"><\/div>\n<div data-block-name=\"woocommerce\/cart-order-summary-shipping-block\" class=\"wp-block-woocommerce-cart-order-summary-shipping-block\"><\/div>\n<div data-block-name=\"woocommerce\/cart-order-summary-taxes-block\" class=\"wp-block-woocommerce-cart-order-summary-taxes-block\"><\/div><\/div>\n<\/div>\n\n\n\n<div data-block-name=\"woocommerce-paypal-payments\/cart-paylater-messages\" data-pp-placement=\"cart\" data-pp-style-layout=\"text\" data-pp-style-logo-position=\"\" data-pp-style-logo-type=\"\" data-pp-style-text-color=\"\" data-pp-style-text-size=\"\" id=\"ppcp-cart-paylater-messages\" class=\"ppcp-messages\" data-partner-attribution-id=\"WooPPCP_Ecom_PS_CoreProfiler\"><\/div><div data-block-name=\"woocommerce\/cart-express-payment-block\" class=\"wp-block-woocommerce-cart-express-payment-block\"><\/div>\n\n\n\n<div data-block-name=\"woocommerce\/proceed-to-checkout-block\" class=\"wp-block-woocommerce-proceed-to-checkout-block\"><\/div>\n\n\n\n<div data-block-name=\"woocommerce\/cart-accepted-payment-methods-block\" class=\"wp-block-woocommerce-cart-accepted-payment-methods-block\"><\/div>\n<\/div>\n<\/div>\n\n\n\n<div data-block-name=\"woocommerce\/empty-cart-block\" class=\"wp-block-woocommerce-empty-cart-block\">\n<h2 class=\"wp-block-heading has-text-align-center with-empty-cart-icon wc-block-cart__empty-cart__title\">Votre panier est actuellement vide\u00a0!<\/h2>\n\n\n\n<hr class=\"wp-block-separator has-alpha-channel-opacity is-style-dots\"\/>\n\n\n\n<h2 class=\"wp-block-heading has-text-align-center\">Nouveau dans la boutique<\/h2>\n\n\n<div data-block-name=\"woocommerce\/product-new\" data-columns=\"4\" data-rows=\"1\" class=\"wc-block-grid wp-block-product-new wp-block-woocommerce-product-new wc-block-product-new has-4-columns\"><ul class=\"wc-block-grid__products\"><li class=\"wc-block-grid__product\">\n\t\t\t\t<a href=\"https:\/\/wattyland.fr\/index.php\/produit\/toile-jardin-interieur\/\" class=\"wc-block-grid__product-link\">\n\t\t\t\t\t\n\t\t\t\t\t<div class=\"wc-block-grid__product-image\"><img fetchpriority=\"high\" decoding=\"async\" width=\"300\" height=\"300\" src=\"https:\/\/wattyland.fr\/wp-content\/uploads\/2026\/02\/toilesurmesure-300x300.png\" class=\"attachment-woocommerce_thumbnail size-woocommerce_thumbnail\" alt=\"Toile jardin int\u00e9rieur sur mesure\" srcset=\"https:\/\/wattyland.fr\/wp-content\/uploads\/2026\/02\/toilesurmesure-300x300.png 300w, https:\/\/wattyland.fr\/wp-content\/uploads\/2026\/02\/toilesurmesure-100x100.png 100w, https:\/\/wattyland.fr\/wp-content\/uploads\/2026\/02\/toilesurmesure-600x600.png 600w, https:\/\/wattyland.fr\/wp-content\/uploads\/2026\/02\/toilesurmesure-150x150.png 150w, https:\/\/wattyland.fr\/wp-content\/uploads\/2026\/02\/toilesurmesure-768x768.png 768w, https:\/\/wattyland.fr\/wp-content\/uploads\/2026\/02\/toilesurmesure.png 1024w\" sizes=\"(max-width: 300px) 100vw, 300px\" \/><\/div>\n\t\t\t\t\t<div class=\"wc-block-grid__product-title\">Toile jardin int\u00e9rieur<\/div>\n\t\t\t\t<\/a>\n\t\t\t\t<div class=\"wc-block-grid__product-price price\"><span class=\"woocommerce-Price-amount amount\">100,00&nbsp;<span class=\"woocommerce-Price-currencySymbol\">&euro;<\/span><\/span><\/div>\n\t\t\t\t\n\t\t\t\t<div class=\"wp-block-button wc-block-grid__product-add-to-cart\"><a href=\"\/index.php\/wp-json\/wp\/v2\/pages\/1478?add-to-cart=1556\" aria-label=\"Ajouter au panier\u00a0: &ldquo;Toile jardin int\u00e9rieur&rdquo;\" data-quantity=\"1\" data-product_id=\"1556\" data-product_sku=\"\" data-price=\"100\" rel=\"nofollow\" class=\"wp-block-button__link  add_to_cart_button ajax_add_to_cart\">Ajouter au panier<\/a><\/div>\n\t\t\t<\/li><li class=\"wc-block-grid__product\">\n\t\t\t\t<a href=\"https:\/\/wattyland.fr\/index.php\/produit\/diorama-pokemon-fait-main\/\" class=\"wc-block-grid__product-link\">\n\t\t\t\t\t\n\t\t\t\t\t<div class=\"wc-block-grid__product-image\"><img decoding=\"async\" width=\"300\" height=\"300\" src=\"https:\/\/wattyland.fr\/wp-content\/uploads\/2026\/01\/dioramapokemonfaitmain-300x300.jpg\" class=\"attachment-woocommerce_thumbnail size-woocommerce_thumbnail\" alt=\"Diorama fait main pok\u00e9mon wattyland\" srcset=\"https:\/\/wattyland.fr\/wp-content\/uploads\/2026\/01\/dioramapokemonfaitmain-300x300.jpg 300w, https:\/\/wattyland.fr\/wp-content\/uploads\/2026\/01\/dioramapokemonfaitmain-100x100.jpg 100w, https:\/\/wattyland.fr\/wp-content\/uploads\/2026\/01\/dioramapokemonfaitmain-150x150.jpg 150w\" sizes=\"(max-width: 300px) 100vw, 300px\" \/><\/div>\n\t\t\t\t\t<div class=\"wc-block-grid__product-title\">Diorama Pok\u00e9mon fait main<\/div>\n\t\t\t\t<\/a>\n\t\t\t\t<div class=\"wc-block-grid__product-price price\"><span class=\"woocommerce-Price-amount amount\">120,00&nbsp;<span class=\"woocommerce-Price-currencySymbol\">&euro;<\/span><\/span><\/div>\n\t\t\t\t\n\t\t\t\t<div class=\"wp-block-button wc-block-grid__product-add-to-cart\"><a href=\"\/index.php\/wp-json\/wp\/v2\/pages\/1478?add-to-cart=1554\" aria-label=\"Ajouter au panier\u00a0: &ldquo;Diorama Pok\u00e9mon fait main&rdquo;\" data-quantity=\"1\" data-product_id=\"1554\" data-product_sku=\"\" data-price=\"120\" rel=\"nofollow\" class=\"wp-block-button__link  add_to_cart_button ajax_add_to_cart\">Ajouter au panier<\/a><\/div>\n\t\t\t<\/li><li class=\"wc-block-grid__product\">\n\t\t\t\t<a href=\"https:\/\/wattyland.fr\/index.php\/produit\/diorama-miyazaki\/\" class=\"wc-block-grid__product-link\">\n\t\t\t\t\t\n\t\t\t\t\t<div class=\"wc-block-grid__product-image\"><img decoding=\"async\" width=\"300\" height=\"300\" src=\"https:\/\/wattyland.fr\/wp-content\/uploads\/2026\/01\/dioramamiyazaki-300x300.jpg\" class=\"attachment-woocommerce_thumbnail size-woocommerce_thumbnail\" alt=\"diorama Miyazaki fait main\" srcset=\"https:\/\/wattyland.fr\/wp-content\/uploads\/2026\/01\/dioramamiyazaki-300x300.jpg 300w, https:\/\/wattyland.fr\/wp-content\/uploads\/2026\/01\/dioramamiyazaki-100x100.jpg 100w, https:\/\/wattyland.fr\/wp-content\/uploads\/2026\/01\/dioramamiyazaki-150x150.jpg 150w\" sizes=\"(max-width: 300px) 100vw, 300px\" \/><\/div>\n\t\t\t\t\t<div class=\"wc-block-grid__product-title\">Diorama hommage \u00e0 Hayao Miyazaki<\/div>\n\t\t\t\t<\/a>\n\t\t\t\t<div class=\"wc-block-grid__product-price price\"><span class=\"woocommerce-Price-amount amount\">200,00&nbsp;<span class=\"woocommerce-Price-currencySymbol\">&euro;<\/span><\/span><\/div>\n\t\t\t\t\n\t\t\t\t<div class=\"wp-block-button wc-block-grid__product-add-to-cart\"><a href=\"\/index.php\/wp-json\/wp\/v2\/pages\/1478?add-to-cart=1551\" aria-label=\"Ajouter au panier\u00a0: &ldquo;Diorama hommage \u00e0 Hayao Miyazaki&rdquo;\" data-quantity=\"1\" data-product_id=\"1551\" data-product_sku=\"\" data-price=\"200\" rel=\"nofollow\" class=\"wp-block-button__link  add_to_cart_button ajax_add_to_cart\">Ajouter au panier<\/a><\/div>\n\t\t\t<\/li><li class=\"wc-block-grid__product\">\n\t\t\t\t<a href=\"https:\/\/wattyland.fr\/index.php\/produit\/bulle-le-petit-prince-et-le-renard\/\" class=\"wc-block-grid__product-link\">\n\t\t\t\t\t\n\t\t\t\t\t<div class=\"wc-block-grid__product-image\"><img loading=\"lazy\" decoding=\"async\" width=\"300\" height=\"300\" src=\"https:\/\/wattyland.fr\/wp-content\/uploads\/2026\/01\/bullelepetitprince-300x300.jpg\" class=\"attachment-woocommerce_thumbnail size-woocommerce_thumbnail\" alt=\"bulle le petit prince en p\u00e2te polym\u00e8re r\u00e9alis\u00e9e \u00e0 la main\" srcset=\"https:\/\/wattyland.fr\/wp-content\/uploads\/2026\/01\/bullelepetitprince-300x300.jpg 300w, https:\/\/wattyland.fr\/wp-content\/uploads\/2026\/01\/bullelepetitprince-100x100.jpg 100w, https:\/\/wattyland.fr\/wp-content\/uploads\/2026\/01\/bullelepetitprince-150x150.jpg 150w\" sizes=\"(max-width: 300px) 100vw, 300px\" \/><\/div>\n\t\t\t\t\t<div class=\"wc-block-grid__product-title\">Bulle Le petit prince et le renard<\/div>\n\t\t\t\t<\/a>\n\t\t\t\t<div class=\"wc-block-grid__product-price price\"><span class=\"woocommerce-Price-amount amount\">60,00&nbsp;<span class=\"woocommerce-Price-currencySymbol\">&euro;<\/span><\/span><\/div>\n\t\t\t\t\n\t\t\t\t<div class=\"wp-block-button wc-block-grid__product-add-to-cart\"><a href=\"\/index.php\/wp-json\/wp\/v2\/pages\/1478?add-to-cart=1546\" aria-label=\"Ajouter au panier\u00a0: &ldquo;Bulle Le petit prince et le renard&rdquo;\" data-quantity=\"1\" data-product_id=\"1546\" data-product_sku=\"\" data-price=\"60\" rel=\"nofollow\" class=\"wp-block-button__link  add_to_cart_button ajax_add_to_cart\">Ajouter au panier<\/a><\/div>\n\t\t\t<\/li><\/ul><\/div><\/div>\n<\/div>\n","protected":false},"excerpt":{"rendered":"","protected":false},"author":1,"featured_media":0,"parent":0,"menu_order":0,"comment_status":"closed","ping_status":"closed","template":"","meta":{"footnotes":""},"class_list":["post-1478","page","type-page","status-publish","hentry"],"yoast_head":"<!-- This site is optimized with the Yoast SEO plugin v25.8 - https:\/\/yoast.com\/wordpress\/plugins\/seo\/ -->\n<title>Panier - Wattyland<\/title>\n<meta name=\"robots\" content=\"index, follow, max-snippet:-1, max-image-preview:large, max-video-preview:-1\" \/>\n<link rel=\"canonical\" href=\"https:\/\/wattyland.fr\/index.php\/panier\/\" \/>\n<meta property=\"og:locale\" content=\"fr_FR\" \/>\n<meta property=\"og:type\" content=\"article\" \/>\n<meta property=\"og:title\" content=\"Panier - Wattyland\" \/>\n<meta property=\"og:url\" content=\"https:\/\/wattyland.fr\/index.php\/panier\/\" \/>\n<meta property=\"og:site_name\" content=\"Wattyland\" \/>\n<meta property=\"article:publisher\" content=\"https:\/\/www.facebook.com\/profile.php?id=100092278305845\" \/>\n<meta property=\"article:modified_time\" content=\"2026-01-23T13:53:29+00:00\" \/>\n<meta name=\"twitter:card\" content=\"summary_large_image\" \/>\n<script type=\"application\/ld+json\" class=\"yoast-schema-graph\">{\"@context\":\"https:\/\/schema.org\",\"@graph\":[{\"@type\":\"WebPage\",\"@id\":\"https:\/\/wattyland.fr\/index.php\/panier\/\",\"url\":\"https:\/\/wattyland.fr\/index.php\/panier\/\",\"name\":\"Panier - Wattyland\",\"isPartOf\":{\"@id\":\"https:\/\/wattyland.fr\/#website\"},\"datePublished\":\"2025-09-02T17:33:17+00:00\",\"dateModified\":\"2026-01-23T13:53:29+00:00\",\"breadcrumb\":{\"@id\":\"https:\/\/wattyland.fr\/index.php\/panier\/#breadcrumb\"},\"inLanguage\":\"fr-FR\",\"potentialAction\":[{\"@type\":\"ReadAction\",\"target\":[\"https:\/\/wattyland.fr\/index.php\/panier\/\"]}]},{\"@type\":\"BreadcrumbList\",\"@id\":\"https:\/\/wattyland.fr\/index.php\/panier\/#breadcrumb\",\"itemListElement\":[{\"@type\":\"ListItem\",\"position\":1,\"name\":\"Accueil\",\"item\":\"https:\/\/wattyland.fr\/\"},{\"@type\":\"ListItem\",\"position\":2,\"name\":\"Panier\"}]},{\"@type\":\"WebSite\",\"@id\":\"https:\/\/wattyland.fr\/#website\",\"url\":\"https:\/\/wattyland.fr\/\",\"name\":\"Wattyland\",\"description\":\"Le petit monde de Wateka\",\"publisher\":{\"@id\":\"https:\/\/wattyland.fr\/#organization\"},\"potentialAction\":[{\"@type\":\"SearchAction\",\"target\":{\"@type\":\"EntryPoint\",\"urlTemplate\":\"https:\/\/wattyland.fr\/?s={search_term_string}\"},\"query-input\":{\"@type\":\"PropertyValueSpecification\",\"valueRequired\":true,\"valueName\":\"search_term_string\"}}],\"inLanguage\":\"fr-FR\"},{\"@type\":\"Organization\",\"@id\":\"https:\/\/wattyland.fr\/#organization\",\"name\":\"Wateka\",\"url\":\"https:\/\/wattyland.fr\/\",\"logo\":{\"@type\":\"ImageObject\",\"inLanguage\":\"fr-FR\",\"@id\":\"https:\/\/wattyland.fr\/#\/schema\/logo\/image\/\",\"url\":\"https:\/\/wattyland.fr\/wp-content\/uploads\/2023\/12\/Generated-Image-August-31-2025-2_07AM.png\",\"contentUrl\":\"https:\/\/wattyland.fr\/wp-content\/uploads\/2023\/12\/Generated-Image-August-31-2025-2_07AM.png\",\"width\":1024,\"height\":1024,\"caption\":\"Wateka\"},\"image\":{\"@id\":\"https:\/\/wattyland.fr\/#\/schema\/logo\/image\/\"},\"sameAs\":[\"https:\/\/www.facebook.com\/profile.php?id=100092278305845\",\"https:\/\/www.instagram.com\/wateka34?utm_source=ig_contact_invite\"]}]}<\/script>\n<!-- \/ Yoast SEO plugin. -->","yoast_head_json":{"title":"Panier - Wattyland","robots":{"index":"index","follow":"follow","max-snippet":"max-snippet:-1","max-image-preview":"max-image-preview:large","max-video-preview":"max-video-preview:-1"},"canonical":"https:\/\/wattyland.fr\/index.php\/panier\/","og_locale":"fr_FR","og_type":"article","og_title":"Panier - Wattyland","og_url":"https:\/\/wattyland.fr\/index.php\/panier\/","og_site_name":"Wattyland","article_publisher":"https:\/\/www.facebook.com\/profile.php?id=100092278305845","article_modified_time":"2026-01-23T13:53:29+00:00","twitter_card":"summary_large_image","schema":{"@context":"https:\/\/schema.org","@graph":[{"@type":"WebPage","@id":"https:\/\/wattyland.fr\/index.php\/panier\/","url":"https:\/\/wattyland.fr\/index.php\/panier\/","name":"Panier - Wattyland","isPartOf":{"@id":"https:\/\/wattyland.fr\/#website"},"datePublished":"2025-09-02T17:33:17+00:00","dateModified":"2026-01-23T13:53:29+00:00","breadcrumb":{"@id":"https:\/\/wattyland.fr\/index.php\/panier\/#breadcrumb"},"inLanguage":"fr-FR","potentialAction":[{"@type":"ReadAction","target":["https:\/\/wattyland.fr\/index.php\/panier\/"]}]},{"@type":"BreadcrumbList","@id":"https:\/\/wattyland.fr\/index.php\/panier\/#breadcrumb","itemListElement":[{"@type":"ListItem","position":1,"name":"Accueil","item":"https:\/\/wattyland.fr\/"},{"@type":"ListItem","position":2,"name":"Panier"}]},{"@type":"WebSite","@id":"https:\/\/wattyland.fr\/#website","url":"https:\/\/wattyland.fr\/","name":"Wattyland","description":"Le petit monde de Wateka","publisher":{"@id":"https:\/\/wattyland.fr\/#organization"},"potentialAction":[{"@type":"SearchAction","target":{"@type":"EntryPoint","urlTemplate":"https:\/\/wattyland.fr\/?s={search_term_string}"},"query-input":{"@type":"PropertyValueSpecification","valueRequired":true,"valueName":"search_term_string"}}],"inLanguage":"fr-FR"},{"@type":"Organization","@id":"https:\/\/wattyland.fr\/#organization","name":"Wateka","url":"https:\/\/wattyland.fr\/","logo":{"@type":"ImageObject","inLanguage":"fr-FR","@id":"https:\/\/wattyland.fr\/#\/schema\/logo\/image\/","url":"https:\/\/wattyland.fr\/wp-content\/uploads\/2023\/12\/Generated-Image-August-31-2025-2_07AM.png","contentUrl":"https:\/\/wattyland.fr\/wp-content\/uploads\/2023\/12\/Generated-Image-August-31-2025-2_07AM.png","width":1024,"height":1024,"caption":"Wateka"},"image":{"@id":"https:\/\/wattyland.fr\/#\/schema\/logo\/image\/"},"sameAs":["https:\/\/www.facebook.com\/profile.php?id=100092278305845","https:\/\/www.instagram.com\/wateka34?utm_source=ig_contact_invite"]}]}},"_links":{"self":[{"href":"https:\/\/wattyland.fr\/index.php\/wp-json\/wp\/v2\/pages\/1478","targetHints":{"allow":["GET"]}}],"collection":[{"href":"https:\/\/wattyland.fr\/index.php\/wp-json\/wp\/v2\/pages"}],"about":[{"href":"https:\/\/wattyland.fr\/index.php\/wp-json\/wp\/v2\/types\/page"}],"author":[{"embeddable":true,"href":"https:\/\/wattyland.fr\/index.php\/wp-json\/wp\/v2\/users\/1"}],"replies":[{"embeddable":true,"href":"https:\/\/wattyland.fr\/index.php\/wp-json\/wp\/v2\/comments?post=1478"}],"version-history":[{"count":1,"href":"https:\/\/wattyland.fr\/index.php\/wp-json\/wp\/v2\/pages\/1478\/revisions"}],"predecessor-version":[{"id":1549,"href":"https:\/\/wattyland.fr\/index.php\/wp-json\/wp\/v2\/pages\/1478\/revisions\/1549"}],"wp:attachment":[{"href":"https:\/\/wattyland.fr\/index.php\/wp-json\/wp\/v2\/media?parent=1478"}],"curies":[{"name":"wp","href":"https:\/\/api.w.org\/{rel}","templated":true}]}}